 -131*k - 1436. Determine u(-11).
5
Let i(v) = -v**3 - 19*v**2 - 68*v + 2. Calculate i(-14).
-26
Let s(w) = 135*w**2 - 653*w - 94. Give s(5).
16
Let f(m) = -84*m**3 - 3*m**2 - 3*m - 1. What is f(-1)?
83
Let b(y) = -202*y + 37122. What is b(184)?
-46
Let a(g) = g**3 - 52*g**2 - 73308*g + 6. Give a(298).
6
Let u(m) = 25*m**2 + 3*m - 2. Give u(-1).
20
Let a(b) = -b**2 + 448*b + 3205. What is a(-7)?
20
Let i(r) = -1418*r - 15606. Give i(-11).
-8
Let h(z) = -3*z**3 - 26*z**2 - 39*z - 15. Determine h(-7).
13
Let s(n) = -n**2 + 12*n + 366. What is s(26)?
2
Let z(h) = 2*h**2 - 77*h - 228. What is z(45)?
357
Let p(m) = m**2 - 23*m - 90. Give p(15).
-210
Let i(h) = -24*h**2 + 72*h - 3. Determine i(2).
45
Let n(q) = q**2 - 67*q + 808. Give n(35).
-312
Let m(l) = l**3 - 5*l**2 - 105*l + 533. What is m(5)?
8
Let x(a) = -2*a**3 - a**2 + 230*a - 11. What is x(-11)?
0
Let g(m) = m**2 - 420*m - 1270. Give g(-3).
-1
Let t(h) = 8*h + 230. Determine t(-28).
6
Let h(q) = -q**3 - 18*q**2 + 8*q + 149. What is h(-18)?
5
Let p(x) = -5158*x + 51556. What is p(10)?
-24
Let l(w) = 4110*w + 86294. Calculate l(-21).
-16
Let z(x) = x**3 - 23*x**2 + 107*x - 82. Give z(17).
3
Let r(i) = -8*i**2 + 597*i - 372. Give r(74).
-2
Let u(o) = 3*o**3 + 6*o**2 - 69*o + 8. Calculate u(5).
188
Let u(f) = f**3 + 23*f**2 - 5*f - 77. Calculate u(2).
13
Let l(v) = -v**2 - 75*v + 1268. Calculate l(14).
22
Let f(b) = 4*b**3 + 22*b**2 - 511*b - 3455. Calculate f(-8).
-7
Let b(t) = 529*t - 4184. Give b(8).
48
Let t(f) = 3*f**3 - 30*f**2 - 31*f + 292. What is t(10)?
-18
Let s(k) = 126*k + 2891. Give s(-23).
-7
Let r(n) = -n**2 + 4*n + 66. Calculate r(10).
6
Let f(d) = d**3 + 64*d**2 + 177*d - 367. Give f(-61).
-1
Let q(r) = -2*r**2 - 46*r - 49. What is q(-22)?
-5
Let u(b) = -3*b**3 + 17*b**2 + 212*b - 1257. Determine u(6).
-21
Let g(n) = n - 332. What is g(30)?
-302
Let h(g) = 3*g**3 + 207*g**2 + 596*g + 121. Give h(-66).
-11
Let c(v) = 9516*v + 85648. Calculate c(-9).
4
Let l(s) = -5*s**2 + 34*s - 10. What is l(7)?
-17
Let r(f) = 6*f**2 + 234*f + 845. What is r(-4)?
5
Let a(d) = 8*d**2 + 227*d + 1353. What is a(-19)?
-72
Let g(v) = -195*v**2 - 195*v - 4. Calculate g(-1).
-4
Let l(p) = -142*p + 6565. Calculate l(47).
-109
Let t(o) = -10*o**2 - 117*o + 33. Calculate t(-12).
-3
Let h(r) = 271*r - 2897. Determine h(10).
-187
Let i(c) = -7*c**2 + 43*c + 37. Determine i(-7).
-607
Let v(l) = -3*l**2 - 60*l - 299. Give v(-9).
-2
Let w(x) = -2*x**3 + 6*x**2 + 52*x + 15. Give w(7).
-13
Let p(u) = 6*u**3 + 101*u**2 + 80*u - 19. Give p(-16).
-19
Let w(s) = -2*s**3 - 6*s**2 - 39*s - 167. Calculate w(-4).
21
Let f(m) = -13*m**3 + m**2 + 14*m - 18. Calculate f(3).
-318
Let a(x) = -157*x + 2964. Determine a(19).
-19
Let i(p) = p**3 - 5*p**2 - 170*p - 22. Give i(-11).
-88
Let c(u) = -233*u - 50567. Determine c(-217).
-6
Let z(v) = 34*v**2 - 99*v + 101. Give z(1).
36
Let k(u) = -167*u - 599. Calculate k(-5).
236
Let o(a) = -3*a**2 - 108*a + 1221. Determine o(-45).
6
Let i(k) = -5*k - 287. Calculate i(-53).
-22
Let y(u) = -u**3 - 13*u**2 - 212*u - 702. Determine y(-4).
2
Let n(g) = 2*g**2 - 70*g + 504. Calculate n(10).
4
Let u(f) = f**3 - 15*f - 1. Calculate u(-4).
-5
Let n(k) = k**3 - 58*k**2 + 210*k + 176. Give n(54).
-148
Let o(h) = -h**3 + 19*h**2 - 37*h - 33. Give o(16).
143
Let k(x) = -24*x - 42. What is k(7)?
-210
Let g(z) = -3*z - 151. Calculate g(-8).
-127
Let i(z) = -2*z**3 + 8*z**2 - 2*z + 6. Calculate i(4).
-2
Let c(z) = -z**3 - 12*z**2 + 58*z + 332. Determine c(-15).
137
Let c(x) = 132*x - 14. Give c(-1).
-146
Let r(y) = 105*y + 1021. Give r(-9).
76
Let n(u) = 8*u**3 - 2*u**2 - 36*u + 37. What is n(1)?
7
Let r(l) = 2484*l - 42225. What is r(17)?
3
Let p(y) = -y**2 + 1524*y - 7588. Give p(5).
7
Let q(l) = l**2 - 19*l - 593. Give q(29).
-303
Let l(x) = 113*x - 2925. Determine l(26).
13
Let u(r) = -8*r**2 + 355*r - 113. Calculate u(44).
19
Let m(d) = -d**3 + 19*d**2 - 46*d - 26. What is m(11)?
436
Let j(z) = -z**2 - 196*z - 585. What is j(-3)?
-6
Let o(x) = 10*x - 21. What is o(5)?
29
Let o(v) = 5*v**2 - 206*v + 928. Determine o(36).
-8
Let a(h) = -63*h - 297. Give a(3).
-486
Let g(v) = 10*v**2 - 48*v - 94. Determine g(-2).
42
Let t(z) = z**3 + 57*z**2 - 671*z - 67. Calculate t(-67).
0
Let k(f) = -30*f**3 + 3*f**2 + 3*f. Calculate k(-1).
30
Let v(q) = 1315*q - 7881. Calculate v(6).
9
Let u(r) = -r**2 + 13*r + 1416. Give u(-31).
52
Let f(p) = 537*p + 4304. What is f(-8)?
8
Let b(k) = k**2 + 223*k + 911. What is b(-4)?
35
Let k(j) = -209*j + 1676. Give k(8).
4
Let r(z) = 3*z**3 - 8*z**2 - 8*z - 31. Give r(5).
104
Let h(u) = u**3 + 7*u**2 - 16*u + 38. Give h(-9).
20
Let u(g) = g**2 - 43*g + 454. Calculate u(10).
124
Let s(c) = 2290*c - 4644. What is s(2)?
-64
Let c(j) = -29*j - 105. Determine c(-19).
446
Let l(p) = 117*p - 1659. Determine l(15).
96
Let n(q) = -10*q**2 - 14*q - 1. Determine n(5).
-321
Let d(m) = -4*m - 166. What is d(-35)?
-26
Let d(r) = r**2 - 16*r + 70. Give d(10).
10
Let l(z) = -z**3 + 4*z**2 + 14*z - 39. What is l(5)?
6
Let s(n) = -22025*n - 22020. What is s(-1)?
5
Let y(k) = 4*k**2 + 24*k + 82. Determine y(-7).
110
Let v(s) = 659*s + 2624. Determine v(-4).
-12
Let b(i) = -2*i**3 + 26*i**2 + 410*i - 305. Determine b(22).
3
Let i(o) = -4*o**3 - 12*o**2 + 35*o + 216. Determine i(-5).
241
Let c(b) = 2*b**2 + 15*b - 92. Calculate c(-13).
51
Let k(o) = o**3 + 36*o**2 + 83*o + 510. What is k(-34)?
0
Let a(s) = -32*s - 1085. Determine a(-33).
-29
Let k(g) = -10*g - 537. What is k(-68)?
143
Let f(m) = -7313*m - 36556. Calculate f(-5).
9
Let c(h) = 9*h**3 - 11*h**2 + 14*h - 10. Give c(2).
46
Let m(h) = 13*h**2 - 4*h - 75. Give m(-7).
590
Let q(s) = s**3 - 8*s**2 - 62*s - 272. Give q(14).
36
Let j(z) = -226*z + 277. Determine j(6).
-1079
Let o(i) = -2*i**3 + 59*i**2 + 44*i - 427. Give o(30).
-7
Let r(w) = w**3 + 2*w**2 + 94*w + 402. Determine r(-4).
-6
Let j(m) = 10*m**2 + 90*m + 1. Calculate j(-3).
-179
Let y(h) = 15*h - 340. What is y(22)?
-10
Let c(j) = 4*j**3 + 786*j**2 + 380*j - 2355. Determine c(-196).
-3
Let q(w) = 10*w + 247. Calculate q(-13).
117
Let d(w) = -4*w**2 + 240*w + 5. Calculate d(60).
5
Let p(y) = 70*y - 5473. Calculate p(78).
-13
Let s(v) = v**2 + 1506*v + 17933. Determine s(-12).
5
Let n(r) = 178*r - 8706. Calculate n(49).
16
Let u(q) = q**3 + 2*q**2 + 7*q - 1. Give u(-3).
-31
Let i(d) = 2*d**2 + 270*d + 21. What is i(-135)?
21
Let b(c) = 67*c - 2675. Give b(40).
5
Let g(v) = 136*v + 2183. What is g(-16)?
7
Let f(n) = -n**2 - n - 23. Calculate f(9).
-113
Let b(t) = t**3 + 39*t**2 + 78*t + 3. Calculate b(-2).
-5
Let w(l) = 84*l + 16. Determine w(0).
16
Let m(q) = -2*q**3 + 3*q**2 - 47*q - 121. What is m(-2)?
1
Let n(c) = -1976*c + 1. Give n(0).
1
Let w(v) = v**2 + 530*v - 1611. Determine w(3).
-12
Let r(v) = 411*v - 2061. Give r(5).
-6
Let i(j) = 23*j**2 - 199*j + 22. Determine i(9).
94
Let q(w) = 51*w + 334. What is q(-6)?
28
Let q(d) = -20*d**2 + 4761*d - 268. What is q(238)?
-30
Let a(g) = 902*g - 128087. Determine a(142).
-3
Let i(v) = v**2 - 44*v + 275. What is i(8)?
-13
Let z(t) = 4*t**2 - 185*t - 332. Calculate z(48).
4
Let j(c) = -2*c**2 - 1657*c - 6594. What is j(-4)?
2
Let i(z) = -3*z**2 - 93*z - 411. Calculate i(-6).
39
Let f(k) = 60*k + 1166. Give f(-19).
26
Let j(g) = -2*g**2 + 397*g - 10233. What is j(168)?
15
Let r(l) = 5*l**3 - 2*l**2 - 21*l + 11. What is r(-3)?
-79
Let j(c) = -c**3 + 106*c**2 + 452*c - 1313. Give j(110).
7
Let c(i) = 2*i**3 - 2*i**2 - 6*i + 3. Calculate c(3).
21
Let z(o) = -5*o**2 - 2*o + 23. Give z(-4).
-49
Let c(s) = 133*s + 561. What is c(-4)?
29
Let v(z) = -82*z + 5838. Calculate v(71).
16
Let w(s) = -9*s**2 + 13*s - 12. Calculate w(1).
-8
Let m(q) = -4*q**2 - 134*q - 651. Give m(-6).
9
Let v(p) = -19*p + 15. Give v(1).
-4
Let h(q) = -q**3 + 75*q**2 - 83*q + 673. Calculate h(74).
7
Let g(a) = 366*a + 2516. Determine g(-8).
-412
Let y(v) = -v**2 - 43*v - 389. Calculate y(-13).
1
Let y(q) = -2*q**2 - 28*q + 14. Give y(-5).
104
Let w(m) = 46*m - 372. What is w(6)?
-96
Let u(x) = -43*x - 1313. Calculate u(-31).
20
Let n(r) = -351*r - 3. What is n(2)?
-705
Let h(d) = 59*d**2 + 637*d + 3. What is h(-11)?
135
Let a(k) = -12*k + 563. Calculate a(46).
11
Let n(r) = -r**3 + 11*r**2 + r - 91. Give n(8).
109
Let m(w) = w**3 + 21*w**2 + 26*w + 149.